, 293, 58693
What are the prime factors of 739714641?
3, 199, 641, 1933
List the prime factors of 175689191.
175689191
List the prime factors of 6011443644.
2, 3, 17, 101, 139, 2099
What are the prime factors of 1817325878?
2, 107, 1283, 6619
List the prime factors of 1854769977.
3, 47, 4384799
List the prime factors of 1885970313.
3, 179, 1170683
List the prime factors of 17775969.
3, 787, 7529
List the prime factors of 1734510458.
2, 867255229
What are the prime factors of 4565671685?
5, 71, 12861047
List the prime factors of 200516875.
5, 13, 23, 29, 37
List the prime factors of 461682518.
2, 11, 113, 16883
List the prime factors of 8050756.
2, 7, 19, 37, 409
What are the prime factors of 76589994?
2, 3, 13, 73, 13451
What are the prime factors of 5359874603?
193, 27771371
What are the prime factors of 15211131?
3, 13, 263, 1483
List the prime factors of 82510571.
11, 13, 17, 33941
What are the prime factors of 1311394128?
2, 3, 11, 23, 9817
List the prime factors of 131717152.
2, 7, 89, 6607
List the prime factors of 94350536.
2, 7, 241, 6991
What are the prime factors of 32557767?
3, 11, 986599
List the prime factors of 8099591.
41, 197551
List the prime factors of 522754933.
61, 1949, 4397
List the prime factors of 1333810.
2, 5, 83, 1607
What are the prime factors of 93442643?
7, 13348949
List the prime factors of 37928968.
2, 7, 11, 67, 919
List the prime factors of 255090798.
2, 3, 131, 251, 431
List the prime factors of 193395135.
3, 5, 12893009
List the prime factors of 513481166.
2, 11, 67, 2879
What are the prime factors of 345912781?
71, 643, 7577
List the prime factors of 532372086.
2, 3, 2791, 10597
What are the prime factors of 27368843?
27368843
What are the prime factors of 1503253113?
3, 23, 1699, 12823
List the prime factors of 131539915.
5, 13, 107, 18913
List the prime factors of 27219756.
2, 3, 439, 5167
List the prime factors of 324858441.
3, 71, 1525157
List the prime factors of 290877135.
3, 5, 19391809
What are the prime factors of 596129646?
2, 3, 7, 14193563
List the prime factors of 40651841.
227, 179083
What are the prime factors of 2079423368?
2, 11, 761, 31051
List the prime factors of 58324687.
811, 71917
What are the prime factors of 56970672?
2, 3, 11, 17, 577
What are the prime factors of 83252110?
2, 5, 19, 438169
List the prime factors of 42235642.
2, 21117821
What are the prime factors of 1519790785?
5, 303958157
List the prime factors of 542028577.
37, 73, 2749
What are the prime factors of 1598972372?
2, 43, 9296351
What are the prime factors of 746130811?
1627, 458593
What are the prime factors of 82391146?
2, 17, 29, 83561
List the prime factors of 2379828881.
2379828881
List the prime factors of 498094855.
5, 41, 2429731
What are the prime factors of 48438477?
3, 659, 8167
List the prime factors of 534269960.
2, 5, 7, 541, 3527
List the prime factors of 76829186.
2, 7, 5487799
What are the prime factors of 105241085?
5, 241, 87337
List the prime factors of 126741856.
2, 19, 208457
What are the prime factors of 651189008?
2, 317, 128389
What are the prime factors of 886989860?
2, 5, 619, 71647
What are the prime factors of 77442309?
3, 7, 19, 31, 2087
What are the prime factors of 60044485?
5, 12008897
What are the prime factors of 22406952?
2, 3, 17, 54919
List the prime factors of 397758331.
19, 109, 149, 1289
What are the prime factors of 708527428?
2, 7, 17, 87559
List the prime factors of 455467656.
2, 3, 7, 307, 8831
List the prime factors of 1836713354.
2, 7, 17, 397, 2777
What are the prime factors of 119500161?
3, 11, 3621217
What are the prime factors of 352489131?
3, 83, 157291
List the prime factors of 35185777.
11, 19, 168353
What are the prime factors of 14629953?
3, 13, 375127
What are the prime factors of 3654781356?
2, 3, 304565113
List the prime factors of 204794591.
103, 1988297
List the prime factors of 210598243.
210598243
List the prime factors of 1030669723.
113, 9120971
List the prime factors of 216874067.
2521, 86027
List the prime factors of 10310194.
2, 17, 71, 4271
List the prime factors of 48380505.
3, 5, 1213, 2659
What are the prime factors of 408822498?
2, 3, 7, 1081541
List the prime factors of 726718880.
2, 5, 677, 6709
What are the prime factors of 186824566?
2, 2351, 39733
List the prime factors of 24604024.
2, 251, 12253
List the prime factors of 66736337.
29, 1511, 1523
List the prime factors of 4045136343.
3, 173, 281, 27737
List the prime factors of 2067052703.
2067052703
List the prime factors of 822874353.
3, 7, 199, 196907
List the prime factors of 6793806728.
2, 227, 929, 4027
What are the prime factors of 904782968?
2, 1979, 57149
What are the prime factors of 1021283027?
97, 10528691
What are the prime factors of 12956804?
2, 7, 53, 8731
What are the prime factors of 35456708?
2, 7, 23, 55057
List the prime factors of 3223796572.
2, 3391, 237673
List the prime factors of 163772546.
2, 7, 11698039
What are the prime factors of 23190658?
2, 59, 149, 1319
List the prime factors of 198207784.
2, 24775973
What are the prime factors of 86004047?
86004047
What are the prime factors of 315968314?
2, 3169, 49853
What are the prime factors of 908664230?
2, 5, 90866423
List the prime factors of 2323423.
2323423
List the prime factors of 38093855.
5, 17, 67, 6689
What are the prime factors of 5429767592?
2, 13591, 49939
List the prime factors of 1829791381.
11, 23, 7232377
What are the prime factors of 61205975?
5, 229, 10691
What are the prime factors of 4993861904?
2, 653, 477973
List the prime factors of 1403453566.
2, 131, 5356693
List the prime factors of 1821009263.
109, 16706507
What are the prime factors of 925546718?
2, 462773359
What are the prime factors of 1217373728?
2, 38042929
What are the prime factors of 96528945?
3, 5, 1753, 3671
List the prime factors of 5094540828.
2, 3, 13, 837367
List the prime factors of 67347985.
5, 409, 32933
List the prime factors of 3227674812.
2, 3, 268972901
What are the prime factors of 359119497?
3, 11, 10882409
List the prime factors of 112656481.
7, 71, 83, 2731
List the prime factors of 13867552.
2, 433361
What are the prime factors of 486999088?
2, 29, 31, 33857
List the prime factors of 1457591205.
3, 5, 7, 41, 338581
List the prime factors of 241844735.
5, 11, 4397177
List the prime factors of 1629306004.
2, 59, 1621, 4259
What are the prime factors of 600340060?
2, 5, 30017003
What are the prime factors of 39435343?
43, 917101
What are the prime factors of 1013930825?
5, 223, 181871
What are the prime factors of 58461639?
3, 43, 229, 1979
List the prime factors of 2856654570.
2, 3, 5, 7, 11, 29, 42643
What are the prime factors of 6586595643?
3, 2195531881
What are the prime factors of 4061583252?
2, 3, 61, 149, 12413
What are the prime factors of 85785994?
2, 7, 773, 7927
List the prime factors of 632863813.
632863813
List the prime factors of 9134838219.
3, 13, 1093, 214297
List the prime factors of 219838050.
2, 3, 5, 17, 31, 103
List the prime factors of 26151196.
2, 6537799
List the prime factors of 356538020.
2, 5, 17826901
What are the prime factors of 1523942978?
2, 59, 12914771
List the prime factors of 105351189.
3, 1051, 33413
What are the prime factors of 364128033?
3, 4973, 24407
List the prime factors of 30580774.
2, 7, 157, 13913
List the prime factors of 100690552.
2, 29, 434011
What are the prime factors of 537160033?
17, 31, 229, 4451
List the prime factors of 66245191.
19, 3486589
What are the prime factors of 338229277?
251, 1347527
What are the prime factors of 3459395148?
2, 3, 11, 79, 157, 2113
List the prime factors of 20612777.
19, 173, 6271
List the prime factors of 365370756.
2, 3, 277, 109919
What are the prime factors of 2294563370?
2, 5, 11, 20859667
What are the prime factors of 1439870591?
1229, 1171579
List the prime factors of 649014678.
2, 3, 13, 17, 163151
What are the prime factors of 117080258?
2, 17, 23, 8807
What are the prime factors of 67438968?
2, 3, 163, 17239
List the prime factors of 1615010720.
2, 5, 31, 325607
What are the prime factors of 1213445062?
2, 61, 9946271
What are the prime factors of 6628411?
6628411
What are the prime factors of 533109303?
3, 271, 72859
What are the prime factors of 1382717127?
3, 11, 41900519
List the prime factors of 24709549.
1